 digit of o?
3
Let f be -2 + -5*3000/(-8). Let w = -1018 + f. What is the tens digit of w?
5
Let m = 40 + -44. Let x be 300 - ((-18)/(-4) + 6/m). Suppose 8*p - 11*p + x = 0. What is the tens digit of p?
9
Let h be ((-288)/56)/(1/7). Let r = 88 + h. Suppose -5*j = 5*w - 335, -4*w + 4*j + 208 = -r. What is the units digit of w?
6
Let n(f) = -2914*f**3 - 3*f**2 + 2*f + 4. What is the hundreds digit of n(-1)?
9
Let m(b) = -2*b**3 - 10*b**2 - 32*b - 25. Let j(k) = -k**2 + 5*k - 15. Let p be j(3). What is the units digit of m(p)?
1
Let t = -9494 - -34901. What is the tens digit of t?
0
Let y = -74 + 77. Suppose -h + 8 = 3*d, -y*d + 3 - 5 = -4*h. Suppose 2*z - 5*s = 58, s + 14 + 36 = h*z. What is the tens digit of z?
2
Let o(q) = -q**2 - 19*q + 52. Let i be o(-21). Suppose -16 = -i*m + 2*m. Suppose -m*w = -4*j - 56 - 256, -5*w - 4*j + 724 = 0. What is the tens digit of w?
4
Let v = 217 - -1273. What is the units digit of v?
0
Let m = 48 + -42. Let r be (392/12 + -2)*m. Suppose 3*c - 98 = -5*u, 2*c - 4*u - r = -2*c. What is the tens digit of c?
4
Let v(k) = 171*k**2 - 190*k + 56. What is the thousands digit of v(7)?
7
Let k(a) be the third derivative of a**4/2 + 125*a**3/6 - 65*a**2. What is the units digit of k(0)?
5
Suppose -53*a = -15*a - 92134 - 272362. What is the units digit of a?
2
Suppose -57*n + 20718 = -66562 + 18367. What is the hundreds digit of n?
2
Let r(d) = d**3 + 16*d**2 - d + 29. Let g be r(-15). Suppose 2*b = g + 47. Suppose l = 5*s + 162, 2*s + b + 126 = 2*l. What is the hundreds digit of l?
1
Let y(n) = -11*n**3 - 14*n**2 + 34*n + 225. What is the units digit of y(-9)?
4
Let y(z) be the first derivative of 13*z**4/4 + 4*z**3/3 - z**2/2 - 4*z + 3. Let h(j) = -2*j**2 + 16*j + 20. Let a be h(9). What is the hundreds digit of y(a)?
1
Suppose -2*q + 101*q - 10593 = 0. What is the hundreds digit of q?
1
Let t be 1/2*-2*2/(-1). Let g(k) = t*k + 3 + 74*k**2 + k + k - 2*k. What is the tens digit of g(-1)?
7
Let z(b) = 91*b**2 + b - 2. Let w be z(1). Suppose 60*f = 65*f. Let v = w + f. What is the units digit of v?
0
Let x(u) = -450*u**3 + 8*u + 7. Suppose 57*o - 48*o = -9. What is the tens digit of x(o)?
4
Suppose -181*p + 82*p + 82*p = -914124. What is the units digit of p?
2
Let t(y) = y**3 + 30*y**2 - 28*y + 193. Let b be t(-31). Let m = b + 398. What is the tens digit of m?
9
Let w(i) = 20*i**2 + 12*i - 1. Let g(m) = 10*m**2 + 6*m. Let d(f) = 5*g(f) - 2*w(f). Let c be d(4). Suppose 3*r = 5*r - c. What is the tens digit of r?
9
Let c(m) = 2*m**2 - 32*m + 2180. What is the thousands digit of c(30)?
3
Suppose -z - 3*z - 4*u + 8 = 0, -4*u = z - 8. Suppose b - 3*v - 184 = z, -5*v = b - 4*v - 196. Let n = b - -15. What is the hundreds digit of n?
2
Suppose -18639 = 1446*c - 1449*c. What is the thousands digit of c?
6
Let y(c) = 14*c - 231. Let u be y(16). Let x = 7 - 12. What is the units digit of -2 - (u - -1) - (-78 - x)?
7
Suppose 4*w + 7 = 3, -5*w - 18067 = -2*l. What is the tens digit of l?
3
Suppose -5*d - 4*c + 33848 = -0*c, d = -5*c + 6778. What is the tens digit of d?
6
Let b = 36 - 36. Suppose b = -3*i + 1041 - 168. Suppose 0 = -2*r - 4*u + 198, -3*r + i = 2*u + u. What is the units digit of r?
5
Let j(c) = -5 + 34*c + 19 + 6. Let t be j(10). Suppose 0*o - 5*o + t = 5*v, 3*v = 3*o - 216. What is the tens digit of o?
7
Suppose -682*i + 686*i - 26680 = 0. What is the hundreds digit of i?
6
Let p(t) be the second derivative of -t**5/20 - 13*t**4/4 - 38*t**3/3 - 43*t**2/2 + 37*t + 1. What is the units digit of p(-37)?
1
Suppose b = 2*z + 7670, 34*z = 29*z. What is the units digit of b?
0
Let g = 33025 + 1773. What is the thousands digit of g?
4
Let m(t) = -70*t - 21. Let l = 196 - 201. What is the units digit of m(l)?
9
Let g = -728 - -1608. What is the tens digit of g?
8
Let c be (-40)/(-2) - (4 - 8/2). Let w(l) = 3*l**2 - 46*l + 13. What is the hundreds digit of w(c)?
2
Suppose 2*b - 7 = -j, -18*b = 2*j - 20*b - 2. Suppose -8*w + 7*w + 357 = -4*p, 0 = -j*w - p + 1110. What is the tens digit of w?
6
Let b(i) be the second derivative of i**5/20 + i**4/12 + 7*i. Let k be b(1). What is the units digit of 142/(k/1) + 4?
5
What is the hundreds digit of -1 - (-22 + (-151088)/19)?
9
Let m(w) = 2*w**3 + w + 2. Let h(u) = 5*u**3 + 5*u - 2*u**3 + 5 + 0*u**3 - 3*u. Let b(i) = -2*h(i) + 5*m(i). What is the units digit of b(1)?
5
What is the hundreds digit of 853814/((-156)/12)*3/(-1 - 2)?
6
What is the units digit of 5 + 1/(-6) + 3145/30*137?
7
Let d be -458*(-42)/63*(-3)/(-2). Suppose -4*b + 3*h = -1227, 2*b - 3*h - d - 151 = 0. What is the units digit of b?
9
Let i be 9/(-18)*(-12)/2. Suppose 0 = -i*l + 594 - 159. Suppose -7*w + l + 58 = 0. What is the tens digit of w?
2
Let b(d) be the second derivative of 11*d + 0 - 10/3*d**3 + d**2. What is the hundreds digit of b(-6)?
1
Suppose -5*f = 17 - 92. Let m be ((0/4)/(-1))/(-5 + 2). Suppose 3*k - f = 0, m*k = -4*x + 4*k + 304. What is the units digit of x?
1
Suppose -2*p + 7 = 5*h, -h - p = 2 - 1. What is the hundreds digit of h*-3 + (-2156)/(-11)?
1
Suppose 0*b + 7*b - 126 = 0. Let g be (8/(-3))/(4/6). What is the hundreds digit of g/6 + 3882/b?
2
Let f be ((-40)/28)/(1/(-7) - 0). Suppose 0 = 2*l + f, -5*q + 4*l - 2*l = 5755. What is the units digit of (60/55)/6 + q/(-11)?
5
Let h(v) be the first derivative of 10*v**3/3 + 41*v**2/2 - 35*v - 284. What is the units digit of h(12)?
7
Let w(v) = 5*v**2 - 16*v + 466. What is the tens digit of w(96)?
1
Let y(l) = l**3 - 8*l**2 - 4*l + 8. Let z be y(8). What is the tens digit of (354/z)/(1/(-4)*1)?
5
Let i be 26/(-3)*(-3999)/62. Let m = 967 - i. What is the hundreds digit of m?
4
Suppose 2939*s = 2942*s - 72498. What is the ten thousands digit of s?
2
Let h(q) = -58*q - 340. Suppose c - 37*c - 1404 = 0. What is the hundreds digit of h(c)?
9
Suppose -64140 = -8*b + 50788. What is the tens digit of b?
6
Let v be (8/6)/((-14)/(-21)). Let g be 1/(v - -3 - 4). What is the tens digit of (-805)/(-23) + 0 + g?
3
Let g = -190 - -172. What is the tens digit of g/(-48) - 1802/(-16)?
1
What is the hundreds digit of (20340/35)/(((-16)/392)/(-1))?
2
Suppose 2448 = -20*g + 29*g. Suppose -3*a + g = 5*v, -2*a = -a + v - 94. What is the units digit of a?
9
Let m = -56 - -60. Suppose 4*i + 5*n = 61, -i - m*i = n - 92. What is the tens digit of ((-28)/(-56))/(i/(-20) + 1)?
1
Let z(x) be the second derivative of 9*x**3 - 5*x. Let j = -185 - -186. What is the tens digit of z(j)?
5
Let l = -1226 - -17487. What is the hundreds digit of l?
2
Let w be (-32)/(-3 - 1) + 2. Let g(l) = 47 - w + 62*l - 74*l. What is the tens digit of g(-7)?
2
Suppose 4*r - 3*j + 4673 = 0, -5*r - 5815 = -j + 6*j. What is the tens digit of (-379904)/r + 0 + 4/22?
2
Let h = -10 - -128. Suppose 466 = n + 4*z, h = n + z - 333. What is the tens digit of n?
4
Let r = -462 + 675. Let j = r - -76. What is the hundreds digit of j?
2
Suppose 72203 - 939326 = -107*f + 36*f. What is the tens digit of f?
1
Let t(n) = -15*n + 249. Let q be t(16). What is the units digit of (468/(-8) + q)/((-6)/32)?
4
Suppose -1437229 + 158523 - 68519 = -15*x. What is the thousands digit of x?
9
Let f(m) be the second derivative of m**4/12 - 13*m**3/6 + 9*m**2 + 1195*m. Let c(r) = -r**2 + 9*r - 4. Let z be c(6). What is the tens digit of f(z)?
3
Let h = 5206 - 4478. What is the tens digit of h?
2
Let n(b) = 37*b**2 + b + 2. Suppose -2*j = -0*j - 36. Suppose j = -2*m + 16. What is the tens digit of n(m)?
3
Suppose 10 = 4*x - r, x - 2*r = -6*r + 11. Suppose 20 = 5*a, x*a - 4592 = -5*o + 5*a. What is the tens digit of o?
2
Let l(j) = 2*j**3 - 14*j**2 - 13*j. Let k be l(11). Suppose 0 = -5*a + 4*g + k, 2*a - 2*g = -a + 493. What is the units digit of a/4 + 1/(-4)?
0
Suppose 4*n + 5*p = 2 + 4, -2*n - 2 = 5*p. Suppose -w + i - 152 = -2*w, -n*i = 5*w - 765. What is the hundreds digit of w?
1
Let x = -82 - -79. Let i be (-4)/18 + -2*x/27. Suppose -904 = -4*v + 3*r - r, i = 3*r. What is the units digit of v?
6
Suppose 0 = -9*g - 24*g + 296340. Suppose -g = 58*n - 47318. What is the tens digit of n?
6
Suppose 0 = 5*q - 4*i - 45, -2*i = q - 11 + 16. Let o = 7 - 9. What is the units digit of (o/3)/(((-5)/219)/q)?
6
Let y = 10848 - 1186. What is the tens digit of y?
6
Suppose -4*t = q - 48054, 2*q + 83375 = 5*t + 23301. What is the thousands